{"id":108,"date":"2017-12-11T18:51:34","date_gmt":"2017-12-11T18:51:34","guid":{"rendered":"http:\/\/www.srfa.ro\/rrfa\/?page_id=108"},"modified":"2017-12-11T18:52:03","modified_gmt":"2017-12-11T18:52:03","slug":"issue-2-2103","status":"publish","type":"page","link":"https:\/\/www.srfa.ro\/rrfa\/issue-2-2103\/","title":{"rendered":"Issue 2\/2103  &#8211; Vol. VII, no. 2 (July &#8211; December 2013)"},"content":{"rendered":"<table class=\"borderAll\" border=\"0\" width=\"800\" cellspacing=\"0\" cellpadding=\"0\" bgcolor=\"#F1F1F1\">\n<tbody>\n<tr>\n<td class=\"sectiune\" align=\"left\" valign=\"middle\">STUDIES<\/td>\n<\/tr>\n<tr>\n<td class=\"dateArticol\" align=\"left\" valign=\"middle\" width=\"600\"><span id=\"autor\">Mihaela CONSTANTINESCU<\/span><br \/>\n<span id=\"titlu\"><a href=\"https:\/\/www.srfa.ro\/rrfa-old\/pdf\/RRFA-VIII-2-02.Constantinescu.pdf\">Empirical Research into Ethics Management Programs: A Study on Romanian Organizations<\/a><\/span><\/td>\n<\/tr>\n<tr>\n<td class=\"dateArticol\" align=\"left\" valign=\"middle\" width=\"600\"><span id=\"autor\">Daniel NICA<\/span><br \/>\n<span id=\"titlu\"><a href=\"https:\/\/www.srfa.ro\/rrfa-old\/pdf\/RRFA-VIII-2-03.Nica.pdf\">Narrative and Justification in Moral Particularism<\/a><\/span><\/td>\n<\/tr>\n<tr>\n<td class=\"dateArticol\" align=\"left\" valign=\"middle\" width=\"600\"><span id=\"autor\">Adriana-Nicoleta SORA<\/span><br \/>\n<span id=\"titlu\"><a href=\"https:\/\/www.srfa.ro\/rrfa-old\/pdf\/RRFA-VIII-2-04.Sora.pdf\">Dualism Without Zombies<\/a><\/span><\/td>\n<\/tr>\n<tr>\n<td class=\"dateArticol\" align=\"left\" valign=\"middle\" width=\"600\"><span id=\"autor\">Emilian MIHAILOV<\/span><br \/>\n<span id=\"titlu\"><a href=\"https:\/\/www.srfa.ro\/rrfa-old\/pdf\/RRFA-VIII-2-05.Mihailov.pdf\">The Normativity of Kant\u2019s Formula of the Law of Nature<\/a><\/span><\/td>\n<\/tr>\n<tr>\n<td class=\"dateArticol\" align=\"left\" valign=\"middle\" width=\"600\"><span id=\"autor\">Joseph S. FULDA<\/span><br \/>\n<span id=\"titlu\"><a href=\"https:\/\/www.srfa.ro\/rrfa-old\/pdf\/RRFA-VIII-2-06.Fulda.pdf\">The Relationship between Scientific Induction and Mathematical Induction<\/a><\/span><\/td>\n<\/tr>\n<tr>\n<td class=\"sectiune\" align=\"left\" valign=\"middle\">INTERVIEW<\/td>\n<\/tr>\n<tr>\n<td class=\"dateArticol\" align=\"left\" valign=\"middle\" width=\"600\"><span id=\"autor\">Julian S\u0102VULESCU<\/span><br \/>\n<span id=\"titlu\"><a href=\"https:\/\/www.srfa.ro\/rrfa-old\/pdf\/RRFA-VIII-2-07.Interview-Savulescu.pdf\">\u201eOur ethics has largely been formed in a prescientific era without any sophisticated scientific understanding on the human animal, its capabilities and its limitations\u201c<\/a><\/span><\/td>\n<\/tr>\n<tr>\n<td class=\"sectiune\" align=\"left\" valign=\"middle\">REVIEWS<\/td>\n<\/tr>\n<tr>\n<td class=\"dateArticol\" align=\"left\" valign=\"middle\" width=\"600\"><span id=\"autor\">Victor Eugen GELAN<\/span><br \/>\n<span id=\"titlu\"><a href=\"https:\/\/www.srfa.ro\/rrfa-old\/pdf\/RRFA-VIII-2-08.Review-Gelan.pdf\">Idei privitoare la o fenomenologie pur\u0103 \u0219i la o filosofie fenomenologic\u0103. Cartea \u00eent\u00e2i: Introducere general\u0103 \u00een fenomenologia pur\u0103<\/a><\/span><\/td>\n<\/tr>\n<\/tbody>\n<\/table>\n","protected":false},"excerpt":{"rendered":"<p>STUDIES Mihaela CONSTANTINESCU Empirical Research into Ethics Management Programs: A Study on Romanian Organizations Daniel NICA Narrative and Justification in Moral Particularism Adriana-Nicoleta SORA Dualism Without Zombies Emilian MIHAILOV The Normativity of Kant\u2019s Formula of the Law of Nature Joseph S. FULDA The Relationship between Scientific Induction and Mathematical Induction INTERVIEW Julian S\u0102VULESCU \u201eOur ethics&hellip; <\/p>\n<p><a class=\"more-link\" href=\"https:\/\/www.srfa.ro\/rrfa\/issue-2-2103\/\">Continue reading <span class=\"meta-nav\">&rarr;<\/span><\/a><\/p>\n","protected":false},"author":1,"featured_media":0,"parent":0,"menu_order":0,"comment_status":"closed","ping_status":"closed","template":"","meta":{"footnotes":""},"class_list":["post-108","page","type-page","status-publish","hentry","xfolkentry","clearfix"],"_links":{"self":[{"href":"https:\/\/www.srfa.ro\/rrfa\/wp-json\/wp\/v2\/pages\/108","targetHints":{"allow":["GET"]}}],"collection":[{"href":"https:\/\/www.srfa.ro\/rrfa\/wp-json\/wp\/v2\/pages"}],"about":[{"href":"https:\/\/www.srfa.ro\/rrfa\/wp-json\/wp\/v2\/types\/page"}],"author":[{"embeddable":true,"href":"https:\/\/www.srfa.ro\/rrfa\/wp-json\/wp\/v2\/users\/1"}],"replies":[{"embeddable":true,"href":"https:\/\/www.srfa.ro\/rrfa\/wp-json\/wp\/v2\/comments?post=108"}],"version-history":[{"count":2,"href":"https:\/\/www.srfa.ro\/rrfa\/wp-json\/wp\/v2\/pages\/108\/revisions"}],"predecessor-version":[{"id":110,"href":"https:\/\/www.srfa.ro\/rrfa\/wp-json\/wp\/v2\/pages\/108\/revisions\/110"}],"wp:attachment":[{"href":"https:\/\/www.srfa.ro\/rrfa\/wp-json\/wp\/v2\/media?parent=108"}],"curies":[{"name":"wp","href":"https:\/\/api.w.org\/{rel}","templated":true}]}}